 units digit of j?
2
Let s = 3901 - 2143. What is the thousands digit of s?
1
Suppose -3*t + 83 = -2*h, 5*t - 3*t - 5*h = 48. Suppose 169 = 4*s - o, 2*s - 3*o - 68 - t = 0. What is the tens digit of s?
4
Let s(y) = -66*y + 27. What is the hundreds digit of s(-6)?
4
Let v(a) be the third derivative of 1/8*a**4 - 1/6*a**3 - 1/120*a**6 + 1/10*a**5 + 5*a**2 + 0*a + 0. What is the tens digit of v(6)?
1
Let o be (-2)/16*1 + 136/64. Suppose o*r - 156 = -4*t, 6*t - 5*t = r - 69. What is the units digit of r?
2
Suppose 0 = 6*t - 631 - 2387. What is the tens digit of t?
0
Let m be (0 - (-6)/(-4))*-2. Let k(a) = -a**2 - 11*a + 14. Let r be k(-12). Suppose -2*x = 3*z - 29, -m*x = r*x + 2*z - 89. What is the tens digit of x?
1
Let n(g) = -g**2 - 8*g + 3. Let u be n(-9). Let x = u + 6. Suppose x*c = 4*c - 3*o - 114, -c = 5*o - 40. What is the units digit of c?
0
Let m = 35 + -115. Suppose 0 = -26*u - 120 - 36. What is the units digit of 24/5*m/u?
4
Suppose 7*n = 2*n - u + 7, -4*u + 8 = 0. What is the tens digit of (-2 - n)*(-160)/12?
4
Suppose -o + 129 - 7 = 0. What is the units digit of 1/(4 - 487/o)?
2
Let v be 160/4 - (-7 - -4). Let c = v - -12. What is the units digit of c?
5
Suppose -3*w + 6*w - 6 = 0. Let p be (6/(-9))/(1/3 - 1). Suppose 36 = w*k + 2*d, 4*k - d + p = 93. What is the units digit of k?
2
Let u(o) = -10 + 3 + 29 + o. Let k be u(-12). Suppose k*r - 110 = 5*r. What is the tens digit of r?
2
Let g(b) = -b**2 - 9*b - 13. Let z be g(-6). Suppose -z*k = 25, -7*k + 220 = 5*v - 5*k. What is the tens digit of v?
4
Suppose 0 = 4*i + 25 - 497. Suppose v - 2*l = i, -v + l + 479 = 3*v. What is the hundreds digit of v?
1
Let w(p) = -277*p + 39. What is the units digit of w(-5)?
4
Let a = 4 + -2. Suppose 56*v - 52*v = 5*d - 260, -3*d + 164 = -4*v. Suppose 0 = a*l - 8 - d. What is the units digit of l?
8
Let s(h) = 13*h - 52. What is the tens digit of s(12)?
0
Suppose -6*v = 8*v - 56. Suppose -177 - 147 = -v*y. What is the tens digit of y?
8
Let o(u) = -u**2 + 8*u + 2. Let l be o(8). Suppose 0 = 3*k - l*k - 5. Suppose -7*j = -k*j - 46. What is the tens digit of j?
2
Suppose 0*o = -o. Suppose o*x = x. Suppose x*j + 150 = 6*j. What is the units digit of j?
5
Suppose -7956 = -36*h - 16*h. What is the hundreds digit of h?
1
Let g(x) = -x**3 + 10*x**2 - 8*x - 6. Let a be g(9). Suppose 0 = a*b - 4*m + 27, 7*b - 5*m + 40 = 2*b. What is the units digit of 2*-14*b/4?
5
Suppose -125294 = -47*t - 32*t. What is the units digit of t?
6
Let d(x) = -9*x - 4 + x**3 + 11*x**2 + 23*x - 12*x. What is the tens digit of d(-6)?
6
Let s = -1 + 10. Let c be 40/15 - (-3)/s. Suppose -4*f - c*n - 23 = -162, 3*n - 46 = -f. What is the tens digit of f?
3
Suppose -9 = -4*i - 9. Suppose 4*r + 4*r - 88 = i. What is the units digit of r?
1
Suppose 0 = 144*f - 168*f + 24384. What is the units digit of f?
6
Let y = -284 + 1023. What is the hundreds digit of y?
7
Suppose -14*x + 2917 = -13*x - 4*o, -2*o - 11724 = -4*x. What is the tens digit of x?
3
Let j(u) = 15*u**3 - 5*u**3 - 2 - 9*u**3 - 12*u**2 + 10*u. What is the tens digit of j(12)?
1
Let m = 27 - 48. Let z be (-15)/(-1)*m/(-35). Suppose 13 = q - z. What is the units digit of q?
2
Suppose 2*q - 5*z + 18 = 0, 0 = q + 4*z - 2 - 2. Let v(a) = 7*a**2 + 8*a + 22. What is the units digit of v(q)?
2
Let d be ((-2)/(-5))/((-10)/50). Let m be (-12)/(-18)*(-195)/d. Suppose -5*y = 5*c - m, -3*y + 65 = 5*c - 2*y. What is the units digit of c?
3
Suppose -3*y + 157 + 50 = 0. Suppose 5*i = -3*o + 25 + 61, 5*o + 2*i - 175 = 0. Let d = y - o. What is the tens digit of d?
3
Let s(q) = -4*q**3 - q**2 + 8*q + 8. Let c(j) = -j**3 - j**2 + j + 1. Let m(v) = -5*c(v) + s(v). What is the units digit of m(-3)?
3
Let n(r) = 4*r**2 - 5*r - 3. Let v(b) = b**3 - 4*b**2 - 7*b + 7. Let u be v(5). Let g be n(u). Suppose -l = 2*l - g. What is the units digit of l?
6
Suppose -t + 2*z = -3*t + 1350, -z + 1351 = 2*t. What is the tens digit of t?
7
What is the hundreds digit of 24/(-42) + 10170/35?
2
Let c(g) = g**2 + 70*g + 128. What is the thousands digit of c(27)?
2
Let d = 8568 + -4791. What is the thousands digit of d?
3
Let x be 1275/(-119) - 1*(-2)/(-7). Suppose -3*i = -7*i + 72. Let g = i + x. What is the units digit of g?
7
Let g(r) = r**2 - 11*r. Let n be g(11). Suppose n = 3*f - 261 + 42. What is the tens digit of f?
7
Let a(v) = -107*v + 10. What is the units digit of a(-3)?
1
Suppose 0 = 6*w + 3*w - 990. What is the tens digit of w?
1
Let v(u) = 4*u**2 - 31*u - 23. Let s(n) = 3*n**2 - 21*n - 15. Let x(b) = 7*s(b) - 5*v(b). Suppose 4*r - 9 + 45 = 0. What is the tens digit of x(r)?
1
What is the tens digit of (15 + 1)/(18/27)?
2
Let d be (-26 - 0)/(4/2). Let i be ((-4)/2)/(42/30 + -1). Let f = i - d. What is the units digit of f?
8
Let x be 5*((-22)/(-3) + -2)*3. Let h = x + -41. What is the tens digit of h?
3
Suppose -q + l - 5 - 2 = 0, 4*q - 2*l + 38 = 0. Let t be (-7)/(63/q)*3. Suppose 0 = -3*u - t*i + 17, 4*i + i - 7 = u. What is the units digit of u?
3
Suppose -21 = -10*m + 9*m + 2*u, 25 = m + 2*u. What is the tens digit of m?
2
Let f be 4/((-48)/(-2685)) - 7/(-28). Let g = -40 + f. What is the units digit of g?
4
Suppose 44*r - 4694 = -4*p + 39*r, 3532 = 3*p - 2*r. What is the thousands digit of p?
1
What is the tens digit of 7*11/308 + (-14694)/(-8)?
3
Suppose -m = 2*v + 1 + 1, -2*v + 2 = 3*m. Suppose 0 = -4*l + 3*s + 699, m*s - 336 = -3*l + 167. What is the units digit of l?
1
Let n = -2 - -4. Let w be 0*(15/(-6) + n). Suppose w = -5*r - 4*l + 10, r + 4*r - 2*l - 10 = 0. What is the units digit of r?
2
Let b(a) = -56*a**3 + 2*a**2 + a. Let y be b(-1). Let g = y - -21. What is the tens digit of g?
7
Let u = -45 + 65. Let r be 4/(5 + -5 + 2/7). Let c = r + u. What is the tens digit of c?
3
Suppose c - 198 = -3*j, 4*j + 435 = 5*c - 650. Let f = c - 94. Let d = f - 66. What is the tens digit of d?
5
Suppose 2*y + 8 = 5*l, -5*l + 0 = -4*y - 6. Let m be 15/(-6 - -3)*y. Let v(s) = s**2 + 3*s + 5. What is the units digit of v(m)?
5
Suppose -4140 = -5*m - 4*m. What is the units digit of m?
0
Suppose -2 = o + 2, 0 = -5*k + o + 3519. Suppose 0 = -5*r + 172 + k. What is the units digit of r?
5
Suppose 6*l + 7360 = 22420. What is the units digit of l?
0
Suppose 0 = 4*g + 5*c - 108 - 167, 0 = 2*g + 3*c - 139. Suppose 0*u + g = u. What is the tens digit of u?
6
Let m(o) = 64*o + 20. What is the units digit of m(7)?
8
Suppose 2*y + c = 765, -4*c + 1243 = 5*y - 668. What is the hundreds digit of y?
3
Let t = 8 + 1. Let q = 9 - t. Suppose -p + 2*u + 23 = q, p + u + 1 - 9 = 0. What is the units digit of p?
3
Suppose 4*v + 4*r = 524, -5*v + 7*r + 679 = 4*r. Suppose -v + 5 = -3*t. What is the units digit of t?
3
Suppose -3*r + 12 = -0*r. Suppose 0*f + 16 = -r*f. What is the units digit of f/(-20) - (-278)/10?
8
Let m = -198 - -288. What is the units digit of 78/(-4)*m/(-27)?
5
Suppose 5*g = -3*b + 19 + 60, -47 = -3*g - 2*b. Suppose -m + 0*m - g = 2*r, r + 11 = -m. Let x = 11 + r. What is the units digit of x?
5
Let j = 31 + -27. Suppose -4*a + 528 = -j*l + 92, -5*a - 4*l = -545. What is the tens digit of a?
0
Suppose -4*i + 16 = 8. Let x be -5*(0 + (-2)/(-5)). What is the units digit of x/(i*(-3)/6)?
2
Let b = 1574 - 1118. Let n = -315 + b. What is the hundreds digit of n?
1
Let d(z) = -z**2 + 61*z + 22. What is the tens digit of d(43)?
9
Suppose t + 6 - 5 = 0. What is the units digit of t/((2/(-74))/1)?
7
Let z be 6/(-2*(-1)/1). Let o be -3*(-3)/z - -1. Let s = 10 + o. What is the units digit of s?
4
Let w(i) = -i**3 - 11*i**2 - 41*i - 453. What is the tens digit of w(-18)?
5
Let k(c) = -4*c**3 + 11*c**2 - 5*c - 12. What is the units digit of k(-5)?
8
Suppose -4*y - 6 = 2*j - 18, -4*y + 22 = -3*j. Let t = 179 - 123. What is the units digit of t - (-3)/3*j?
4
Let v(n) = -14*n**3 - 11*n**2 - 22*n + 18. What is the units digit of v(-7)?
5
Suppose 53 = 3*b + 5. Let r = 56 - b. What is the units digit of (r/25)/(2/15)?
2
Suppose -20*m + 16*m = -9132. What is the hundreds digit of m?
2
Suppose 54*b + b = 173690. What is the thousands digit of b?
3
Let y = 198 + 2782. What is the hundreds digit of y?
9
Let l = 2191 + -1148. What is the tens digit of l?
4
Suppose 44 - 9 = 3*v - k, -k = -5*v + 59. Let b(x) = x**3 - 12*x**2 + 26*x + 5. What is the units digit of b(v)?
7
Supp